{"id":139,"date":"2015-10-30T15:33:01","date_gmt":"2015-10-30T15:33:01","guid":{"rendered":"http:\/\/www.caio.cat\/?page_id=139"},"modified":"2019-09-04T10:37:19","modified_gmt":"2019-09-04T10:37:19","slug":"dades-tecniques","status":"publish","type":"page","link":"https:\/\/www.caio.aero\/en\/pilot-information\/","title":{"rendered":"Pilot Information"},"content":{"rendered":"<p>[vc_row row_type=&#8221;row&#8221; use_row_as_full_screen_section=&#8221;no&#8221; type=&#8221;grid&#8221; angled_section=&#8221;no&#8221; text_align=&#8221;left&#8221; background_image=&#8221;206&#8243; background_image_as_pattern=&#8221;without_pattern&#8221; css_animation=&#8221;&#8221; css=&#8221;.vc_custom_1447754782666{margin-top: 0px !important;margin-right: 0px !important;margin-bottom: 0px !important;margin-left: 0px !important;border-top-width: 0px !important;border-right-width: 0px !important;border-bottom-width: 0px !important;border-left-width: 0px !important;padding-top: 0px !important;padding-right: 0px !important;padding-bottom: 100px !important;padding-left: 0px !important;}&#8221;][vc_column width=&#8221;1\/6&#8243;][\/vc_column][vc_column width=&#8221;2\/3&#8243;][vc_empty_space height=&#8221;150px&#8221;][vc_column_text]<\/p>\n<h1 style=\"text-align: center;\"><span style=\"color: #ffffff;\">Igualada-\u00d2dena Aerodrome Management Consortium<\/span><\/h1>\n<p>&nbsp;<\/p>\n<p>&nbsp;<\/p>\n<p>[\/vc_column_text][vc_separator type=&#8221;transparent&#8221;][\/vc_column][vc_column width=&#8221;1\/6&#8243;][\/vc_column][\/vc_row][vc_row row_type=&#8221;row&#8221; use_row_as_full_screen_section=&#8221;no&#8221; type=&#8221;full_width&#8221; angled_section=&#8221;no&#8221; text_align=&#8221;left&#8221; background_image_as_pattern=&#8221;without_pattern&#8221; css_animation=&#8221;&#8221;][vc_column][vc_empty_space height=&#8221;80px&#8221;][\/vc_column][\/vc_row][vc_row row_type=&#8221;row&#8221; use_row_as_full_screen_section=&#8221;no&#8221; type=&#8221;grid&#8221; angled_section=&#8221;no&#8221; text_align=&#8221;left&#8221; background_image_as_pattern=&#8221;without_pattern&#8221; css_animation=&#8221;&#8221;][vc_column width=&#8221;1\/3&#8243;][vc_column_text]<\/p>\n<h3><strong>PILOT INFORMATION<\/strong><\/h3>\n<h3 class=\"p1\"><span class=\"s1\">41.584225 \/ 1.652800<\/span><\/h3>\n<h3 class=\"p1\"><span class=\"s1\">1080 ft. \/ 330 m. ASL<\/span><\/h3>\n<h3 class=\"p1\"><span class=\"s1\">FREQ: 123.175 MHz.<\/span><\/h3>\n<h3 class=\"p1\"><span class=\"s1\">RWY: 16\/34 860 x 17 m<\/span><\/h3>\n<p>[\/vc_column_text][\/vc_column][vc_column width=&#8221;1\/3&#8243;][vc_single_image image=&#8221;201&#8243; img_size=&#8221;full&#8221; alignment=&#8221;center&#8221; qode_css_animation=&#8221;&#8221;][\/vc_column][vc_column width=&#8221;1\/3&#8243;][vc_single_image image=&#8221;200&#8243; img_size=&#8221;full&#8221; alignment=&#8221;center&#8221; qode_css_animation=&#8221;&#8221;][\/vc_column][\/vc_row]<\/p>","protected":false},"excerpt":{"rendered":"<p>[vc_row row_type=&#8221;row&#8221; use_row_as_full_screen_section=&#8221;no&#8221; type=&#8221;grid&#8221; angled_section=&#8221;no&#8221; text_align=&#8221;left&#8221; background_image=&#8221;206&#8243; background_image_as_pattern=&#8221;without_pattern&#8221; css_animation=&#8221;&#8221; css=&#8221;.vc_custom_1447754782666{margin-top: 0px !important;margin-right: 0px !important;margin-bottom: 0px !important;margin-left: 0px !important;border-top-width: 0px !important;border-right-width: 0px !important;border-bottom-width: 0px !important;border-left-width: 0px !important;padding-top: 0px !important;padding-right: 0px !important;padding-bottom: 100px !important;padding-left: 0px !important;}&#8221;][vc_column width=&#8221;1\/6&#8243;][\/vc_column][vc_column width=&#8221;2\/3&#8243;][vc_empty_space height=&#8221;150px&#8221;][vc_column_text] Igualada-\u00d2dena Aerodrome Management Consortium &nbsp; &nbsp; [\/vc_column_text][vc_separator type=&#8221;transparent&#8221;][\/vc_column][vc_column width=&#8221;1\/6&#8243;][\/vc_column][\/vc_row][vc_row row_type=&#8221;row&#8221; use_row_as_full_screen_section=&#8221;no&#8221; type=&#8221;full_width&#8221; angled_section=&#8221;no&#8221; text_align=&#8221;left&#8221; background_image_as_pattern=&#8221;without_pattern&#8221; css_animation=&#8221;&#8221;][vc_column][vc_empty_space height=&#8221;80px&#8221;][\/vc_column][\/vc_row][vc_row row_type=&#8221;row&#8221; use_row_as_full_screen_section=&#8221;no&#8221; type=&#8221;grid&#8221; angled_section=&#8221;no&#8221; text_align=&#8221;left&#8221; background_image_as_pattern=&#8221;without_pattern&#8221; css_animation=&#8221;&#8221;][vc_column width=&#8221;1\/3&#8243;][vc_column_text] PILOT INFORMATION 41.584225 \/ 1.652800 1080 ft. \/ 330 m. ASL FREQ: 123.175 MHz. RWY: 16\/34 860 x 17 m [\/vc_column_text][\/vc_column][vc_column width=&#8221;1\/3&#8243;][vc_single_image image=&#8221;201&#8243; img_size=&#8221;full&#8221; alignment=&#8221;center&#8221; qode_css_animation=&#8221;&#8221;][\/vc_column][vc_column width=&#8221;1\/3&#8243;][vc_single_image image=&#8221;200&#8243; img_size=&#8221;full&#8221; alignment=&#8221;center&#8221; qode_css_animation=&#8221;&#8221;][\/vc_column][\/vc_row]<\/p>\n","protected":false},"author":1,"featured_media":0,"parent":0,"menu_order":0,"comment_status":"closed","ping_status":"closed","template":"full_width.php","meta":[],"yoast_head":"<!-- This site is optimized with the Yoast SEO plugin v19.9 - https:\/\/yoast.com\/wordpress\/plugins\/seo\/ -->\n<title>CAIO | Dades t\u00e8cniques<\/title>\n<meta name=\"description\" content=\"CAIO | Dades t\u00e8cniques | Consorci de Gesti\u00f3 de l\u2019Aer\u00f2drom d\u2019Igualada-\u00d2dena CAIO\" \/>\n<meta name=\"robots\" content=\"index, follow, max-snippet:-1, max-image-preview:large, max-video-preview:-1\" \/>\n<link rel=\"canonical\" href=\"https:\/\/www.caio.aero\/dades-tecniques\/\" \/>\n<meta property=\"og:locale\" content=\"en_US\" \/>\n<meta property=\"og:type\" content=\"article\" \/>\n<meta property=\"og:title\" content=\"CAIO | Dades t\u00e8cniques\" \/>\n<meta property=\"og:description\" content=\"CAIO | Dades t\u00e8cniques | Consorci de Gesti\u00f3 de l\u2019Aer\u00f2drom d\u2019Igualada-\u00d2dena CAIO\" \/>\n<meta property=\"og:url\" content=\"https:\/\/www.caio.aero\/dades-tecniques\/\" \/>\n<meta property=\"og:site_name\" content=\"CAIO\" \/>\n<meta property=\"article:modified_time\" content=\"2019-09-04T10:37:19+00:00\" \/>\n<meta name=\"twitter:card\" content=\"summary_large_image\" \/>\n<meta name=\"twitter:label1\" content=\"Est. reading time\" \/>\n\t<meta name=\"twitter:data1\" content=\"4 minutes\" \/>\n<script type=\"application\/ld+json\" class=\"yoast-schema-graph\">{\"@context\":\"https:\/\/schema.org\",\"@graph\":[{\"@type\":\"WebPage\",\"@id\":\"https:\/\/www.caio.aero\/dades-tecniques\/\",\"url\":\"https:\/\/www.caio.aero\/dades-tecniques\/\",\"name\":\"CAIO | Dades t\u00e8cniques\",\"isPartOf\":{\"@id\":\"https:\/\/www.caio.aero\/#website\"},\"datePublished\":\"2015-10-30T15:33:01+00:00\",\"dateModified\":\"2019-09-04T10:37:19+00:00\",\"description\":\"CAIO | Dades t\u00e8cniques | Consorci de Gesti\u00f3 de l\u2019Aer\u00f2drom d\u2019Igualada-\u00d2dena CAIO\",\"breadcrumb\":{\"@id\":\"https:\/\/www.caio.aero\/dades-tecniques\/#breadcrumb\"},\"inLanguage\":\"en-US\",\"potentialAction\":[{\"@type\":\"ReadAction\",\"target\":[\"https:\/\/www.caio.aero\/dades-tecniques\/\"]}]},{\"@type\":\"BreadcrumbList\",\"@id\":\"https:\/\/www.caio.aero\/dades-tecniques\/#breadcrumb\",\"itemListElement\":[{\"@type\":\"ListItem\",\"position\":1,\"name\":\"Home\",\"item\":\"https:\/\/www.caio.aero\/\"},{\"@type\":\"ListItem\",\"position\":2,\"name\":\"Dades t\u00e8cniques\"}]},{\"@type\":\"WebSite\",\"@id\":\"https:\/\/www.caio.aero\/#website\",\"url\":\"https:\/\/www.caio.aero\/\",\"name\":\"CAIO\",\"description\":\"Consorci Aer\u00f2drom Igualada \u00d2dena\",\"potentialAction\":[{\"@type\":\"SearchAction\",\"target\":{\"@type\":\"EntryPoint\",\"urlTemplate\":\"https:\/\/www.caio.aero\/?s={search_term_string}\"},\"query-input\":\"required name=search_term_string\"}],\"inLanguage\":\"en-US\"}]}<\/script>\n<!-- \/ Yoast SEO plugin. -->","yoast_head_json":{"title":"CAIO | Dades t\u00e8cniques","description":"CAIO | Dades t\u00e8cniques | Consorci de Gesti\u00f3 de l\u2019Aer\u00f2drom d\u2019Igualada-\u00d2dena CAIO","robots":{"index":"index","follow":"follow","max-snippet":"max-snippet:-1","max-image-preview":"max-image-preview:large","max-video-preview":"max-video-preview:-1"},"canonical":"https:\/\/www.caio.aero\/dades-tecniques\/","og_locale":"en_US","og_type":"article","og_title":"CAIO | Dades t\u00e8cniques","og_description":"CAIO | Dades t\u00e8cniques | Consorci de Gesti\u00f3 de l\u2019Aer\u00f2drom d\u2019Igualada-\u00d2dena CAIO","og_url":"https:\/\/www.caio.aero\/dades-tecniques\/","og_site_name":"CAIO","article_modified_time":"2019-09-04T10:37:19+00:00","twitter_card":"summary_large_image","twitter_misc":{"Est. reading time":"4 minutes"},"schema":{"@context":"https:\/\/schema.org","@graph":[{"@type":"WebPage","@id":"https:\/\/www.caio.aero\/dades-tecniques\/","url":"https:\/\/www.caio.aero\/dades-tecniques\/","name":"CAIO | Dades t\u00e8cniques","isPartOf":{"@id":"https:\/\/www.caio.aero\/#website"},"datePublished":"2015-10-30T15:33:01+00:00","dateModified":"2019-09-04T10:37:19+00:00","description":"CAIO | Dades t\u00e8cniques | Consorci de Gesti\u00f3 de l\u2019Aer\u00f2drom d\u2019Igualada-\u00d2dena CAIO","breadcrumb":{"@id":"https:\/\/www.caio.aero\/dades-tecniques\/#breadcrumb"},"inLanguage":"en-US","potentialAction":[{"@type":"ReadAction","target":["https:\/\/www.caio.aero\/dades-tecniques\/"]}]},{"@type":"BreadcrumbList","@id":"https:\/\/www.caio.aero\/dades-tecniques\/#breadcrumb","itemListElement":[{"@type":"ListItem","position":1,"name":"Home","item":"https:\/\/www.caio.aero\/"},{"@type":"ListItem","position":2,"name":"Dades t\u00e8cniques"}]},{"@type":"WebSite","@id":"https:\/\/www.caio.aero\/#website","url":"https:\/\/www.caio.aero\/","name":"CAIO","description":"Consorci Aer\u00f2drom Igualada \u00d2dena","potentialAction":[{"@type":"SearchAction","target":{"@type":"EntryPoint","urlTemplate":"https:\/\/www.caio.aero\/?s={search_term_string}"},"query-input":"required name=search_term_string"}],"inLanguage":"en-US"}]}},"_links":{"self":[{"href":"https:\/\/www.caio.aero\/en\/wp-json\/wp\/v2\/pages\/139"}],"collection":[{"href":"https:\/\/www.caio.aero\/en\/wp-json\/wp\/v2\/pages"}],"about":[{"href":"https:\/\/www.caio.aero\/en\/wp-json\/wp\/v2\/types\/page"}],"author":[{"embeddable":true,"href":"https:\/\/www.caio.aero\/en\/wp-json\/wp\/v2\/users\/1"}],"replies":[{"embeddable":true,"href":"https:\/\/www.caio.aero\/en\/wp-json\/wp\/v2\/comments?post=139"}],"version-history":[{"count":31,"href":"https:\/\/www.caio.aero\/en\/wp-json\/wp\/v2\/pages\/139\/revisions"}],"predecessor-version":[{"id":302,"href":"https:\/\/www.caio.aero\/en\/wp-json\/wp\/v2\/pages\/139\/revisions\/302"}],"wp:attachment":[{"href":"https:\/\/www.caio.aero\/en\/wp-json\/wp\/v2\/media?parent=139"}],"curies":[{"name":"wp","href":"https:\/\/api.w.org\/{rel}","templated":true}]}}

<p>[vc_row row_type=&#8221;row&#8221; use_row_as_full_screen_section=&#8221;no&#8221; type=&#8221;grid&#8221; angled_section=&#8221;no&#8221; text_align=&#8221;left&#8221; background_image=&#8221;206&#8243; background_image_as_pattern=&#8221;without_pattern&#8221; css_animation=&#8221;&#8221; css=&#8221;.vc_custom_1447754782666{margin-top: 0px !important;margin-right: 0px !important;margin-bottom: 0px !important;margin-left: 0px !important;border-top-width: 0px !important;border-right-width: 0px !important;border-bottom-width: 0px !important;border-left-width: 0px !important;padding-top: 0px !important;padding-right: 0px !important;padding-bottom: 100px !important;padding-left: 0px !important;}&#8221;][vc_column width=&#8221;1/6&#8243;][/vc_column][vc_column width=&#8221;2/3&#8243;][vc_empty_space height=&#8221;150px&#8221;][vc_column_text]</p>
<h1 style="text-align: center;"><span style="color: #ffffff;">Igualada-Òdena Aerodrome Management Consortium</span></h1>
<p>&nbsp;</p>
<p>&nbsp;</p>
<p>[/vc_column_text][vc_separator type=&#8221;transparent&#8221;][/vc_column][vc_column width=&#8221;1/6&#8243;][/vc_column][/vc_row][vc_row row_type=&#8221;row&#8221; use_row_as_full_screen_section=&#8221;no&#8221; type=&#8221;full_width&#8221; angled_section=&#8221;no&#8221; text_align=&#8221;left&#8221; background_image_as_pattern=&#8221;without_pattern&#8221; css_animation=&#8221;&#8221;][vc_column][vc_empty_space height=&#8221;80px&#8221;][/vc_column][/vc_row][vc_row row_type=&#8221;row&#8221; use_row_as_full_screen_section=&#8221;no&#8221; type=&#8221;grid&#8221; angled_section=&#8221;no&#8221; text_align=&#8221;left&#8221; background_image_as_pattern=&#8221;without_pattern&#8221; css_animation=&#8221;&#8221;][vc_column width=&#8221;1/3&#8243;][vc_column_text]</p>
<h3><strong>PILOT INFORMATION</strong></h3>
<h3 class="p1"><span class="s1">41.584225 / 1.652800</span></h3>
<h3 class="p1"><span class="s1">1080 ft. / 330 m. ASL</span></h3>
<h3 class="p1"><span class="s1">FREQ: 123.175 MHz.</span></h3>
<h3 class="p1"><span class="s1">RWY: 16/34 860 x 17 m</span></h3>
<p>[/vc_column_text][/vc_column][vc_column width=&#8221;1/3&#8243;][vc_single_image image=&#8221;201&#8243; img_size=&#8221;full&#8221; alignment=&#8221;center&#8221; qode_css_animation=&#8221;&#8221;][/vc_column][vc_column width=&#8221;1/3&#8243;][vc_single_image image=&#8221;200&#8243; img_size=&#8221;full&#8221; alignment=&#8221;center&#8221; qode_css_animation=&#8221;&#8221;][/vc_column][/vc_row]</p>

<p>[vc_row row_type=&#8221;row&#8221; use_row_as_full_screen_section=&#8221;no&#8221; type=&#8221;grid&#8221; angled_section=&#8221;no&#8221; text_align=&#8221;left&#8221; background_image=&#8221;206&#8243; background_image_as_pattern=&#8221;without_pattern&#8221; css_animation=&#8221;&#8221; css=&#8221;.vc_custom_1447754782666{margin-top: 0px !important;margin-right: 0px !important;margin-bottom: 0px !important;margin-left: 0px !important;border-top-width: 0px !important;border-right-width: 0px !important;border-bottom-width: 0px !important;border-left-width: 0px !important;padding-top: 0px !important;padding-right: 0px !important;padding-bottom: 100px !important;padding-left: 0px !important;}&#8221;][vc_column width=&#8221;1/6&#8243;][/vc_column][vc_column width=&#8221;2/3&#8243;][vc_empty_space height=&#8221;150px&#8221;][vc_column_text] Igualada-Òdena Aerodrome Management Consortium &nbsp; &nbsp; [/vc_column_text][vc_separator type=&#8221;transparent&#8221;][/vc_column][vc_column width=&#8221;1/6&#8243;][/vc_column][/vc_row][vc_row row_type=&#8221;row&#8221; use_row_as_full_screen_section=&#8221;no&#8221; type=&#8221;full_width&#8221; angled_section=&#8221;no&#8221; text_align=&#8221;left&#8221; background_image_as_pattern=&#8221;without_pattern&#8221; css_animation=&#8221;&#8221;][vc_column][vc_empty_space height=&#8221;80px&#8221;][/vc_column][/vc_row][vc_row row_type=&#8221;row&#8221; use_row_as_full_screen_section=&#8221;no&#8221; type=&#8221;grid&#8221; angled_section=&#8221;no&#8221; text_align=&#8221;left&#8221; background_image_as_pattern=&#8221;without_pattern&#8221; css_animation=&#8221;&#8221;][vc_column width=&#8221;1/3&#8243;][vc_column_text] PILOT INFORMATION 41.584225 / 1.652800 1080 ft. / 330 m. ASL FREQ: 123.175 MHz. RWY: 16/34 860 x 17 m [/vc_column_text][/vc_column][vc_column width=&#8221;1/3&#8243;][vc_single_image image=&#8221;201&#8243; img_size=&#8221;full&#8221; alignment=&#8221;center&#8221; qode_css_animation=&#8221;&#8221;][/vc_column][vc_column width=&#8221;1/3&#8243;][vc_single_image image=&#8221;200&#8243; img_size=&#8221;full&#8221; alignment=&#8221;center&#8221; qode_css_animation=&#8221;&#8221;][/vc_column][/vc_row]</p>

<!-- This site is optimized with the Yoast SEO plugin v19.9 - https://yoast.com/wordpress/plugins/seo/ -->
<title>CAIO | Dades tècniques</title>
<meta name="description" content="CAIO | Dades tècniques | Consorci de Gestió de l’Aeròdrom d’Igualada-Òdena CAIO" />
<meta name="robots" content="index, follow, max-snippet:-1, max-image-preview:large, max-video-preview:-1" />
<link rel="canonical" href="https://www.caio.aero/dades-tecniques/" />
<meta property="og:locale" content="en_US" />
<meta property="og:type" content="article" />
<meta property="og:title" content="CAIO | Dades tècniques" />
<meta property="og:description" content="CAIO | Dades tècniques | Consorci de Gestió de l’Aeròdrom d’Igualada-Òdena CAIO" />
<meta property="og:url" content="https://www.caio.aero/dades-tecniques/" />
<meta property="og:site_name" content="CAIO" />
<meta property="article:modified_time" content="2019-09-04T10:37:19+00:00" />
<meta name="twitter:card" content="summary_large_image" />
<meta name="twitter:label1" content="Est. reading time" />
	<meta name="twitter:data1" content="4 minutes" />
<script type="application/ld+json" class="yoast-schema-graph">{"@context":"https://schema.org","@graph":[{"@type":"WebPage","@id":"https://www.caio.aero/dades-tecniques/","url":"https://www.caio.aero/dades-tecniques/","name":"CAIO | Dades tècniques","isPartOf":{"@id":"https://www.caio.aero/#website"},"datePublished":"2015-10-30T15:33:01+00:00","dateModified":"2019-09-04T10:37:19+00:00","description":"CAIO | Dades tècniques | Consorci de Gestió de l’Aeròdrom d’Igualada-Òdena CAIO","breadcrumb":{"@id":"https://www.caio.aero/dades-tecniques/#breadcrumb"},"inLanguage":"en-US","potentialAction":[{"@type":"ReadAction","target":["https://www.caio.aero/dades-tecniques/"]}]},{"@type":"BreadcrumbList","@id":"https://www.caio.aero/dades-tecniques/#breadcrumb","itemListElement":[{"@type":"ListItem","position":1,"name":"Home","item":"https://www.caio.aero/"},{"@type":"ListItem","position":2,"name":"Dades tècniques"}]},{"@type":"WebSite","@id":"https://www.caio.aero/#website","url":"https://www.caio.aero/","name":"CAIO","description":"Consorci Aeròdrom Igualada Òdena","potentialAction":[{"@type":"SearchAction","target":{"@type":"EntryPoint","urlTemplate":"https://www.caio.aero/?s={search_term_string}"},"query-input":"required name=search_term_string"}],"inLanguage":"en-US"}]}</script>
<!-- / Yoast SEO plugin. -->

CAIO | Dades tècniques

CAIO | Dades tècniques | Consorci de Gestió de l’Aeròdrom d’Igualada-Òdena CAIO

Dades tècniques

Consorci Aeròdrom Igualada Òdena
